
What is the remainder when 334063 is divided by 65515?
6488
Calculate the remainder when 1581702 is divided by 3340.
1882
What is the remainder when 31520 is divided by 46?
10
Calculate the remainder when 7146408 is divided by 1191059.
54
What is the remainder when 83067 is divided by 39635?
3797
What is the remainder when 324401 is divided by 81067?
133
What is the remainder when 12906425 is divided by 18?
11
Calculate the remainder when 8065328 is divided by 5.
3
What is the remainder when 650652 is divided by 59149?
13
What is the remainder when 59384992 is divided by 269?
14
Calculate the remainder when 33555357 is divided by 60.
57
Calculate the remainder when 224228 is divided by 112108.
12
What is the remainder when 69149271 is divided by 69149262?
9
What is the remainder when 55949767 is divided by 212?
211
Calculate the remainder when 1109428 is divided by 187.
144
What is the remainder when 316419 is divided by 326?
199
Calculate the remainder when 1570863 is divided by 127.
0
Calculate the remainder when 4835239 is divided by 44.
35
Calculate the remainder when 1342419 is divided by 447418.
165
What is the remainder when 8186069 is divided by 1169432?
45
Calculate the remainder when 7293764 is divided by 3646876.
12
What is the remainder when 26483478 is divided by 4460?
4458
Calculate the remainder when 120303 is divided by 29772.
1215
Calculate the remainder when 841304582 is divided by 334.
332
Calculate the remainder when 8145299 is divided by 880.
19
Calculate the remainder when 396592009 is divided by 546.
541
What is the remainder when 27261238 is divided by 51051?
4
Calculate the remainder when 281270 is divided by 1664.
54
Calculate the remainder when 294691 is divided by 36836.
3
What is the remainder when 385218 is divided by 170?
168
Calculate the remainder when 74460932 is divided by 18.
8
What is the remainder when 394280 is divided by 9473?
5887
What is the remainder when 53386904 is divided by 314?
310
What is the remainder when 2420768 is divided by 10487?
8758
What is the remainder when 902881 is divided by 29102?
719
Calculate the remainder when 20024341 is divided by 476770.
1
What is the remainder when 20195754 is divided by 4927?
4908
What is the remainder when 15308 is divided by 15274?
34
What is the remainder when 2550936 is divided by 1275437?
62
What is the remainder when 1775181 is divided by 143?
122
What is the remainder when 16405224 is divided by 35509?
66
Calculate the remainder when 1380771 is divided by 36.
27
What is the remainder when 35461 is divided by 17174?
1113
Calculate the remainder when 946873 is divided by 118.
41
What is the remainder when 61217855 is divided by 864?
863
What is the remainder when 31915 is divided by 1309?
499
Calculate the remainder when 194988092 is divided by 579.
578
Calculate the remainder when 91123 is divided by 13015.
18
Calculate the remainder when 253417 is divided by 253412.
5
What is the remainder when 16437251 is divided by 5479078?
17
Calculate the remainder when 1192456002 is divided by 645.
642
Calculate the remainder when 1592689 is divided by 1183.
371
What is the remainder when 2008714 is divided by 2366?
2346
Calculate the remainder when 11554 is divided by 1528.
858
Calculate the remainder when 8237061 is divided by 1901.
28
What is the remainder when 488602 is divided by 305?
297
Calculate the remainder when 249183 is divided by 15478.
1535
What is the remainder when 5757064 is divided by 51?
31
What is the remainder when 1221415 is divided by 246?
25
Calculate the remainder when 173576779 is divided by 76.
75
Calculate the remainder when 4823 is divided by 322.
315
Calculate the remainder when 388838 is divided by 982.
948
What is the remainder when 6812 is divided by 3282?
248
What is the remainder when 2197105 is divided by 1098550?
5
Calculate the remainder when 118217905 is divided by 8106.
1
What is the remainder when 1404892 is divided by 2066?
12
Calculate the remainder when 2657028 is divided by 885671.
15
Calculate the remainder when 1074306 is divided by 1139.
229
Calculate the remainder when 33316919 is divided by 468.
467
Calculate the remainder when 63369 is divided by 4233.
4107
Calculate the remainder when 10451348 is divided by 74652.
68
What is the remainder when 3304169 is divided by 2612?
2601
Calculate the remainder when 8087 is divided by 2065.
1892
Calculate the remainder when 5052736 is divided by 35085.
496
Calculate the remainder when 64462569 is divided by 133.
129
Calculate the remainder when 1494764 is divided by 3405.
3374
What is the remainder when 438294 is divided by 218956?
382
What is the remainder when 8341100 is divided by 157?
4
Calculate the remainder when 1992 is divided by 1470.
522
What is the remainder when 134303977 is divided by 1115?
1112
What is the remainder when 32810464 is divided by 10334?
14
Calculate the remainder when 8702274 is divided by 31416.
42
What is the remainder when 653384 is divided by 796?
664
Calculate the remainder when 53092 is divided by 26351.
390
Calculate the remainder when 1589420 is divided by 93489.
107
What is the remainder when 153338636 is divided by 6989?
6965
Calculate the remainder when 6291336 is divided by 629120.
136
Calculate the remainder when 158765192 is divided by 153.
152
What is the remainder when 7149424 is divided by 143?
139
What is the remainder when 76225 is divided by 2846?
2229
What is the remainder when 683368 is divided by 163?
72
What is the remainder when 9662 is divided by 335?
282
Calculate the remainder when 409418946 is divided by 5991.
5988
What is the remainder when 2599 is divided by 1655?
944
Calculate the remainder when 3772812 is divided by 46009.
74
Calculate the remainder when 34989239 is divided by 19.
17
Calculate the remainder when 10589 is divided by 1320.
29
What is the remainder when 183055 is divided by 576?
463
What is the remainder when 612847 is divided by 612352?
495
What is the remainder when 761233 is divided by 3711?
478
Calculate the remainder when 103619 is divided by 10173.
1889
What is the remainder when 523333 is divided by 190?
73
Calculate the remainder when 193125 is divided by 6066.
5079
What is the remainder when 4901716 is divided by 1225420?
36
What is the remainder when 5220284 is divided by 87004?
44
What is the remainder when 4192433 is divided by 1176?
1169
What is the remainder when 26783 is divided by 6637?
235
What is the remainder when 29611228 is divided by 2509?
10
Calculate the remainder when 164132 is divided by 329.
290
What is the remainder when 374690 is divided by 8143?
112
Calculate the remainder when 28293411 is divided by 7.
6
What is the remainder when 2884626 is divided by 68?
66
What is the remainder when 53012 is divided by 282?
278
Calculate the remainder when 943450129 is divided by 6887.
6886
What is the remainder when 1054053 is divided by 360?
333
What is the remainder when 1327707 is divided by 255?
177
What is the remainder when 512369 is divided by 56925?
44
Calculate the remainder when 219315 is divided by 1893.
1620
What is the remainder when 21392224 is divided by 8399?
8370
What is the remainder when 6634 is divided by 2426?
1782
What is the remainder when 41862 is divided by 215?
152
What is the remainder when 279434 is divided by 1296?
794
What is the remainder when 697977 is divided by 1320?
1017
Calculate the remainder when 28001 is divided by 3286.
1713
Calculate the remainder when 363535 is divided by 19106.
521
What is the remainder when 58391068 is divided by 948?
904
Calculate the remainder when 5950009 is divided by 42.
37
What is the remainder when 390358 is divided by 881?
75
What is the remainder when 569126 is divided by 568701?
425
Calculate the remainder when 835422 is divided by 331.
309
Calculate the remainder when 7705244 is divided by 227.
183
Calculate the remainder when 751390 is divided by 3511.
36
Calculate the remainder when 490195 is divided by 1689.
385
Calculate the remainder when 86642 is divided by 41041.
4560
Calculate the remainder when 1254044 is divided by 104502.
20
Calculate the remainder when 34723188 is divided by 4960455.
3
Calculate the remainder when 4288887 is divided by 33.
9
Calculate the remainder when 2603956 is divided by 3